2)?
19
Let n(b) = 9*b + 2. Let f(d) = -d - 1. Suppose -5*h + 3*y = -1, 2*y - y = -5*h + 13. Let t(w) = h*f(w) + n(w). List the prime factors of t(2).
2, 7
Suppose 18 = -5*t - 22. Let s = 12 + t. List the prime factors of s.
2
Let j be 14/((-1)/10*4). List the prime factors of ((-42)/j)/(4/10).
3
Let f(w) = 96 - 94 + 0*w - w. Let j(y) = y**3 + 6*y**2 + 5*y. Let n be j(-5). What are the prime factors of f(n)?
2
Suppose 105 = 4*i - p, -4*p - 106 = -5*i + 28. Suppose 6*f - i = 4*f. List the prime factors of f.
13
Let f(y) = -6*y - 26. List the prime factors of f(-16).
2, 5, 7
Suppose 0 = -4*i + 411 + 165. Suppose -a - 3*a + i = 0. List the prime factors of a.
2, 3
Suppose n = -4*n + 5. Let z(l) = 4*l**2 + 1. Let s be z(n). Suppose -s*j = -4*v + v + 32, 5 = -5*j. List the prime factors of v.
3
Suppose 5*z = n - 75, -4*z - 36 = 3*n - 185. What are the prime factors of n?
5, 11
Let t = -7 + 5. Let r = 2 - t. What are the prime factors of r?
2
Suppose 5*c = -4*d + 192 + 1, 5*d + c - 236 = 0. List the prime factors of d.
47
Suppose -m = -2*f - 2, -f - 6 = -3*m + 3*f. Let r be 6/m - (-20)/(-5). What are the prime factors of (0 - 2)*r - -16?
2, 3
Suppose 2*y = -5*u - 3, 1 = 5*y + 2*u - 2. What are the prime factors of (21 + y)*(-2)/(-4)?
11
What are the prime factors of 542/4 - (-14)/(-28)?
3, 5
Let v(b) = 4*b + 19. What are the prime factors of v(-2)?
11
List the prime factors of (5/20 + (-62)/24)*-72.
2, 3, 7
Suppose 4*f + 4*s = 40, f - 2*s - 14 = -s. Suppose -3*c - f = 30. What are the prime factors of (c/8)/((-5)/40)?
2, 7
Let u = -4 - -8. Suppose 135 + 137 = -u*n. What are the prime factors of 6/21 + n/(-7)?
2, 5
Let v(k) be the second derivative of -5/6*k**3 - 1/2*k**2 - 2*k + 0. What are the prime factors of v(-1)?
2
Let m = 45 + -4. List the prime factors of m.
41
What are the prime factors of (-5)/(10/(-174)) + 1 + 2?
2, 3, 5
Let a be -1 + (2 - 3)*-5. Suppose 0 = a*o + 4*w - 0*w - 28, 2 = o - 4*w. List the prime factors of o.
2, 3
Let g(p) = -p**2 - 2*p - 1. Let k be 3*(2 - 21/9). Let f be g(k). What are the prime factors of 10 + (0 + f)/(-2)?
2, 5
Suppose 5*g + 3*w = 36, -2*g - 4*w + 0 + 6 = 0. Let t = 18 - g. What are the prime factors of (-3)/6*2 + t?
2
Let m = 9 + -5. Suppose 3*r = m*j + 21 + 16, -2 = -j + 3*r. What are the prime factors of (j/((-2)/(-2)))/(-1)?
13
Let h(v) be the third derivative of v**5/60 + v**4/24 - 2*v**3/3 + 2*v**2. Suppose 3*t - t = 6. What are the prime factors of h(t)?
2
Let j = 17 - 29. Let y be (-33)/2*(-8)/j. Let t = -5 - y. List the prime factors of t.
2, 3
What are the prime factors of 11 - (-2 - (-1 + 3))?
3, 5
Let f(l) be the third derivative of l**6/180 - l**5/120 + l**3/6 - l**2. Let x(i) be the first derivative of f(i). List the prime factors of x(-1).
3
Let r = -12 - -20. Let l(u) = -u + 12. What are the prime factors of l(r)?
2
Let m(x) = 5*x**2 - 33*x - 32. Let g(k) = -3*k**2 + 17*k + 16. Let c(u) = -7*g(u) - 4*m(u). List the prime factors of c(-13).
2
Let g = 19 + -7. Suppose -4*v = -7*v + g. What are the prime factors of v?
2
Suppose -197 = -3*v + 196. What are the prime factors of v?
131
Let o = 11 - -44. List the prime factors of o.
5, 11
Suppose 0*y = -2*m + y + 251, 0 = -m - 2*y + 123. What are the prime factors of m?
5
Let n be -4*(45/12)/(-5). Suppose -n*l + 46 = -l. What are the prime factors of l?
23
Let b = 30 - 1. What are the prime factors of b?
29
Suppose -2*x = -5*x + 102. What are the prime factors of x?
2, 17
Suppose -4*f - 15 = -9*f + 3*z, z - 3 = -f. Let x(n) = n**3 - n**2 - 5*n + 2 - 4*n + 5*n. What are the prime factors of x(f)?
2
Let r be (-195)/10*2/3. Let x = 32 + r. List the prime factors of x.
19
Suppose 4*y = 4*u + 40, 3*u - y + 9 = -15. Let i = u + 9. Suppose -p = 3*z - 11, -i*z + 0*z = -4. List the prime factors of p.
5
Let h(b) = -b**3 - 5*b**2 + 4*b + 7. What are the prime factors of h(-6)?
19
Let d = -3 - -6. Suppose 0 = 2*g + d*g, -p = 2*g - 23. List the prime factors of p.
23
What are the prime factors of ((-162)/(-10))/(2/10)?
3
Let a(g) = g**3 - 3*g**2 - 4*g + 6. Let o be a(4). List the prime factors of o - 0/(3/(-3)).
2, 3
Suppose 0 = y - 0*y - 5. Suppose 5 = -y*v, z - 2*z + 8 = -2*v. List the prime factors of z.
2, 3
Let a = -19 + 139. List the prime factors of a.
2, 3, 5
List the prime factors of (-3605)/(-42) - 2/(-12) - -2.
2, 11
Let a(t) = -t**3 - 2*t**2 + 3*t + 4. Let y be a(-3). Let u be 4/14 + 24/14. What are the prime factors of u/8 - (-31)/y?
2
Let s = 8 + -6. Suppose -s*l - 7 = -73. List the prime factors of l.
3, 11
Suppose 4*l = 3*l + 33. What are the prime factors of l?
3, 11
Suppose 0 = f + f. Let u = -4 + 6. Suppose 26 = u*y - f*y. List the prime factors of y.
13
Suppose -2*y - 10 - 8 = 0. Let v = -6 - y. Suppose 1 = o - 5*m - 1, -m - 48 = -v*o. List the prime factors of o.
17
Let a be (-8)/(-16) + 15/(-2). List the prime factors of 4/7 + (-80)/a.
2, 3
Suppose 3*m + 5 = 2, -164 = -q + 2*m. List the prime factors of 4/(-16) - q/(-8).
2, 5
Let f = 35 - 2. What are the prime factors of f?
3, 11
Let l = 0 - -3. Suppose -3*i = -0*i - b - 31, -9 = -2*i + l*b. List the prime factors of i.
2, 3
Suppose -3*g - w + 428 = -196, -4*g + w + 839 = 0. List the prime factors of g.
11, 19
Let m = 0 + 2. Suppose i - w - 1 = 0, -i = -m*i + 5*w - 7. Suppose d + d = -2*s + 12, -2*d = -i*s + 43. List the prime factors of s.
11
Let u(n) = n**2 + 1. Let z(t) = 3*t**2 + t - 1. Suppose 1 - 5 = -4*c. Let o be z(c). List the prime factors of u(o).
2, 5
Suppose -10 = -3*b + 2. List the prime factors of b.
2
Suppose 3*f + 4*v = 1, 4*v - 14 = 2*f + 3*v. Let r(y) = 2*y**2 + 7*y. What are the prime factors of r(f)?
3, 5
Suppose 4*i - 18 = -6. Suppose 4*p + p - x = 11, 0 = i*x + 3. Suppose v = -0 + p. List the prime factors of v.
2
Suppose -b = -3*b - 4*n + 114, -b + n + 42 = 0. List the prime factors of b.
47
What are the prime factors of 7/(56/12)*4?
2, 3
Let z = -8 + 10. Let d(s) = 2*s**2 + 6*s + 4. Let u be d(-5). Suppose u = k + z*k. What are the prime factors of k?
2
Let f(p) = p**2 - 4*p + 4. Let t(j) = -2*j**2 + 5*j - 5. Let h(w) = -4*f(w) - 3*t(w). What are the prime factors of h(1)?
2
List the prime factors of (-1413)/(-33) - (-12)/66.
43
Let d(x) = x**3 - 8*x**2 - x + 2. Let j be d(7). Let n = j - -79. List the prime factors of n.
5
Let h(g) = 54*g - 49. What are the prime factors of h(5)?
13, 17
Let p(n) = -n**2 - 8*n - 9. Let i be p(-6). Suppose 2*d - h - 64 = -4*h, 3*d - i*h = 81. What are the prime factors of d?
29
Let n = 21 + -8. Let u = -8 + n. What are the prime factors of u?
5
List the prime factors of 67 + ((-2)/(-1))/1.
3, 23
Suppose 3*l - 1 = 5. Suppose a - 2*i - 8 - 5 = 0, -5*a = l*i - 53. What are the prime factors of a?
11
Let b(z) = 29*z**2 + 8*z - 14. Let d(v) = 10*v**2 + 3*v - 5. Let o(q) = -4*b(q) + 11*d(q). Let r be o(-1). List the prime factors of ((-4)/r - 1)*-57.
19
Let m = 56 - 31. List the prime factors of m.
5
Suppose o - 4*o = -12. What are the prime factors of 1/o + 115/20?
2, 3
Suppose 8 = -3*r + 5*r. What are the prime factors of r?
2
Let q = 9 + -5. Let x = -26 - q. What are the prime factors of (-12)/(-9)*x/(-4)?
2, 5
Let l = 11 - 6. Suppose -l*a + 110 = 35. What are the prime factors of a?
3, 5
Suppose 10 = 5*r - 10*r. Let h = r + 1. What are the prime factors of (0 - h) + 2*5?
11
Suppose 0 = -3*v - 9*b + 4*b - 11, 2*b = -3*v + 1. Suppose -1 = -v*g + 41. What are the prime factors of g?
2, 7
Let d(h) = -h**3 + 3*h**2 + 3*h + 5. Let k be d(4). Let f be (-1)/(-3) - (-2)/(-6). List the prime factors of k + (f - -2) + 0.
3
Let u(f) = -2*f + f - f**2 + 5*f. Let s be u(3). Suppose 2*h - 6*l + s*l = 2, 6 = 2*h - l. List the prime factors of h.
2
Let s(y) = 3*y**2 - 6*y - 5. What are the prime factors of s(-4)?
67
Let h(b) = 4*b + 20. List the prime factors of h(6).
2, 11
Let c(h) = h - 4. Let o be c(6). Let l be -15 - (o + 1)*1. Let b = -8 - l. What are the prime factors of b?
2, 5
Let o(m) = m**2 + 10*m - 4. Let h be o(-10). Let w = h - -14. List the prime factors of w.
2, 5
Suppose -2*d - d - 3*b = -153, 4*b - 110 = -2*d. Let u = d + -23. List the prime factors of u.
2, 3
Let g be 13/3 + (-6)/(-9). Suppose 0 = g*n - 4 - 6. List the prime factors of n/(-3)*(-1 + -11).
2
Suppose 8*q - 560 = 6*q. What are the prime factors of q?
2, 5, 7
Suppose